est common divisor of k and g?
14
Let f(v) = 76*v + 581. Let d be f(9). Calculate the highest common factor of d and 69.
23
Let c(k) = 28*k**2 + k. Let i be c(-2). Let l = 385 - 347. Suppose l = 4*y + q, 188*q = -2*y + 187*q + 18. Calculate the greatest common factor of i and y.
10
Suppose 21*a - 42*a = 63. Let q = 37 - a. Calculate the greatest common divisor of 640 and q.
40
Suppose 12*k = 7*k + 3740. Let c be k/6 - (-22)/(-33). Suppose -4*y + c = -100. Calculate the highest common factor of 7 and y.
7
Suppose -a + 5*m = -1520, 2*a = -3*a - 2*m + 7600. What is the highest common factor of 95 and a?
95
Let u = 8138 - 7034. What is the highest common factor of 32 and u?
16
Suppose -2*g + 89 = -145. Calculate the highest common factor of 6903 and g.
117
Let b = -353976 + 354093. Let d(o) = o**3 + o**2 - 4*o + 2. Let h be d(3). Calculate the greatest common factor of h and b.
13
Let y be 1 - ((-240)/(-140))/((-4)/14). Calculate the highest common factor of 4536 and y.
7
Suppose 0 = -4*j - k + 115, -1 + 4 = k. Suppose 5*z + 298 = 4*n, -3*n + z + 221 = -4*z. Suppose -n = 3*q - 101. What is the highest common factor of q and j?
4
Suppose -3*s - 5*f + 1531 = 0, -s + 1515 = 2*s - 3*f. What is the highest common divisor of s and 52?
13
Let u(d) = -6*d + 4. Let j(y) = 2*y**2 - 2*y + 1. Let v be j(4). Suppose 2*m = -v + 21. Let g be u(m). Calculate the greatest common factor of g and 2.
2
Let c(j) = 13*j**3 + 160*j**2 - 163*j + 3. Let q be c(1). Let i(a) = -a**3 + 1027. Let h be i(0). What is the greatest common factor of h and q?
13
Let o(n) = n**2 + 8*n + 9. Let d be o(-7). Let t be d + ((-6)/3 - -345). What is the greatest common factor of t and 15?
15
Let u be 4/((-8)/(-6))*1. Suppose 6 = -u*d + 4*d. Let f(n) = -12486*n + 62460. Let y be f(5). What is the greatest common factor of y and d?
6
Suppose -270*y + 24897 = -42*y - 24351. Let b(l) = -l**2 + 9*l. Let q be b(8). What is the highest common factor of y and q?
8
Suppose -460 = -4*c - 19*n + 16*n, 4*c = -5*n + 468. What is the greatest common divisor of c and 686?
14
Let o be (12 + -15)/((-6)/44). Suppose 0 = 19*m - o*m + 15. Suppose -4*p - 3*g = -m*p + 10, 3*g - 29 = -2*p. What is the greatest common divisor of p and 91?
13
Suppose 3*a = 3*k - 3, -k - 12 + 5 = -5*a. Let f = k + 19. Let v be -21*f/(-3)*(-12)/(-8). Calculate the highest common factor of 33 and v.
33
Suppose -2*z + 4*z - 16 = 0. Let f(y) = -2*y**2 - 7*y**3 - 64 + 68 - 5*y**3 + 2*y. Let w be f(-2). What is the greatest common divisor of w and z?
8
Suppose -3*b = -104 + 32. Let g(y) = 4*y**2 + 3*y - 7. Let c be g(-4). Let l be (-1 - (-50)/(-6))*c/(-5). Calculate the highest common divisor of b and l.
12
Suppose 0*c - 3*c + 1080 = 0. Let y be (-1 + 5)/(-4) - (0 + -1). Suppose -c = -y*d - 8*d. What is the highest common divisor of 9 and d?
9
Suppose -8*j = -834 + 122. What is the greatest common factor of 25365 and j?
89
Let f = 11977 + -10952. What is the greatest common factor of f and 500?
25
Suppose -3*c = -6*c + 234. Let m = c - -14. Let q be 580/25 - 2/10. Calculate the highest common factor of m and q.
23
Suppose 4*i + 2*j + 43 = 5*i, -j = 2*i - 86. Suppose s = 11*b - 13*b + i, -2*s - b = -74. Calculate the highest common factor of 175 and s.
35
Let v = -20244 + 20280. Calculate the greatest common divisor of v and 204.
12
Suppose -18 - 122 = -29*z + 266. Let r(t) = t**2 - t + 119. Let d be r(0). What is the greatest common factor of z and d?
7
Suppose -22*p + 16258 = -18041 + 31307. Let r be 2/(2/1) - -1. Suppose 0 = 2*n - r*a - 26, 81 = 5*n - a - 0*a. Calculate the greatest common factor of n and p.
17
Let k(h) = -h**2 - 43*h - 89. Let m be k(-28). Let n = 429 - m. Calculate the highest common divisor of 2 and n.
2
Suppose 4*g = 2*y + 156, -3*g + 197*y + 124 = 192*y. What is the greatest common divisor of g and 95?
19
Let b(n) = n**3 - 5*n**2 - 3*n + 2. Let l be b(6). Let a be (10/(-5) - 4) + (-98)/(-7). Calculate the greatest common divisor of a and l.
4
Suppose -61*u = -57*u + 16. Let v be (-6)/(4/u + 2/3). What is the highest common divisor of v and 12?
6
Suppose 3*o = 12*o - 2*a - 752, 422 = 5*o + a. Calculate the greatest common divisor of 116 and o.
4
Suppose -5*a = 2*a + a - 96. Suppose 5*g = 16 + 24. What is the greatest common factor of g and a?
4
Let p be ((-4)/5)/((-3)/525). Let z be p/(-25) + ((-12)/10)/3. Let c(a) = -a - 2. Let h be c(z). What is the highest common factor of 44 and h?
4
Let b = 306 + -303. Suppose 8*v = b*l + 3*v - 65, 5*l = -3*v + 63. Calculate the greatest common factor of l and 255.
15
Let i = -15720 - -15726. Calculate the greatest common divisor of 573 and i.
3
Let h(m) = -m**3 - 22*m**2 - 120*m - 97. Let s be h(-14). Calculate the greatest common divisor of 1875 and s.
15
Let z(n) = 36*n - 63. Let v = -90 + 99. Let u be z(v). What is the highest common factor of 29 and u?
29
Suppose -3*n = 3*t - 5*t + 1026, 0 = n + 6. What is the greatest common divisor of t and 448?
56
Let h(o) = -58*o + 470. Let f be h(5). What is the greatest common divisor of 5970 and f?
30
Suppose 0 = x - 5*u - 12, 10*x + 4*u - 376 + 40 = 0. What is the highest common divisor of x and 2272?
32
Suppose 16*i + 325 = 53. Let m = i - -20. What is the greatest common divisor of 8 and m?
1
Let a(l) = l**3 + 10*l**2 - 2*l + 5. Let g be a(-10). Let r = -19 + 34. What is the highest common divisor of r and g?
5
Let p be ((-40)/60)/((-2)/30). Suppose 0 = p*q - 4*q - 54. Let o(d) = 4*d - 22. Let w be o(q). What is the highest common divisor of w and 56?
14
Let q = -4706 + 4766. What is the greatest common factor of q and 2060?
20
Let r be ((-3)/6 - -1)*4. Suppose -2*x - 3*o = -54 - 31, 3*x + r*o - 115 = 0. Suppose -11 = 6*w - x. What is the greatest common divisor of 20 and w?
4
Let m be 4 + -5 + 1 + (8 - 0) + 9328. Calculate the greatest common factor of 48 and m.
24
Let f = -14963 + 15296. What is the highest common factor of 259 and f?
37
Let l be 7*123 - (34 + -28). Calculate the highest common factor of 171 and l.
171
Let v = -8009 - -8017. What is the highest common factor of 892 and v?
4
Suppose -12*y + 5073 - 975 = 2*n, -731 = -2*y + 5*n. Suppose 4*h - 388 = 4*c, 0 = h + 2*h - 2*c - 292. Calculate the greatest common factor of h and y.
49
Let p be (19930/(-30) - 2)*21*-2. What is the highest common divisor of p and 14?
14
Let z(s) = s + 25. Let j be z(7). Suppose 1165*h - 1143*h - 176 = 0. What is the highest common divisor of j and h?
8
Let l be -2 + 9 + 4/12*339. What is the greatest common factor of l and 8220?
60
Let p(f) = -f**2 + 22*f - 85. Let g be p(11). What is the highest common factor of 1308 and g?
12
Let d be ((-114)/(-14))/((-4)/(-42))*(-150 + 152). Calculate the greatest common divisor of d and 57114.
171
Let s be 3*1*(-88)/(-6). Let d be 1122/204*(1 + 1). What is the greatest common factor of d and s?
11
Let f = -6749 + 6812. What is the greatest common factor of 18 and f?
9
Suppose 6 = 4*o - 14. Let n(i) = -5*i - 14*i + 4*i - 20 + o*i. Let k be n(-6). Calculate the greatest common divisor of k and 4.
4
Suppose -492 = 9*f - 1446. Calculate the highest common divisor of 689 and f.
53
Let t = -22 + 30. Let n = t - 2. Suppose -4*q = -c - 137, -3*c - 9 = n. What is the greatest common factor of 297 and q?
33
Suppose -308 = -4*k - 300. Let j be (13/(260/(-8)))/(k/(-1320)). Calculate the greatest common divisor of 33 and j.
33
Let z = -395 + 400. Suppose 4*j - 3*c = 152, 8*c - 183 = -z*j + 10*c. What is the greatest common divisor of j and 175?
35
Suppose -10*k = -2913 - 4017. What is the greatest common factor of 1197 and k?
63
Suppose -253*s + 24130 = s. Calculate the highest common factor of s and 19.
19
Suppose -3*u + 1452 = 3*k, 15*k - 14*k = -2*u + 974. Calculate the greatest common divisor of 750 and u.
10
Let f be 5478/(-16) + (-57)/(-152). Let d = f - -365. What is the highest common factor of 115 and d?
23
Let m = 706 + -250. Suppose 15*p - 294 = m. Calculate the greatest common factor of 125 and p.
25
Let d be -51*(-1695)/300 + 3/(-20). Let y = 47 - 11. Calculate the greatest common divisor of y and d.
36
Let j(b) = b + 752. Let p be j(-108). Calculate the greatest common factor of p and 70.
14
Suppose -4*h - 36 = -3*b, -b + 12 = 2*h + 3*h. Let r be 8/b - (-6224)/24. What is the highest common div